*o - 155. Determine s(53).
4
Let w(d) = -5*d**3 - d**2 - d + 1. Give w(1).
-6
Let d(t) = t**3 - 6*t**2 - 7*t + 11. What is d(7)?
11
Let k(q) = q**2 - 7*q + 16. What is k(8)?
24
Let x(z) = 5*z - 36. Give x(5).
-11
Let q(z) = -z**3 - 9*z**2 - 20*z + 7. Calculate q(-5).
7
Let s(m) = -8*m - 120. Calculate s(-17).
16
Let s(b) = -21*b - 141. Calculate s(-7).
6
Let v(w) = w**3 - 4*w**2 - 5*w + 5. Calculate v(4).
-15
Let j(x) = -x**2 - 12*x - 33. Give j(-4).
-1
Let o(q) = -4*q**2 - 2*q + 7. What is o(2)?
-13
Let y(p) = p**3 + 24*p**2 - p + 6. Determine y(-24).
30
Let p(k) = 9*k - 45. What is p(5)?
0
Let u(h) = -40*h**3 - h - 2. Calculate u(-1).
39
Let f(i) = i**3 - 10*i**2 + 16*i - 1. What is f(8)?
-1
Let y(m) = -m**2 - 8*m - 39. What is y(-7)?
-32
Let c(a) = -2*a**3 - 3*a**2 + 5*a + 3. What is c(-3)?
15
Let j(c) = c - 5. Calculate j(3).
-2
Let v(f) = f**3 - 8*f**2 + 4*f - 11. Determine v(7).
-32
Let a(v) = v**3 - 26*v**2 + 47*v + 24. Calculate a(24).
0
Let v(a) = -3*a**2 + 6*a - 11. Calculate v(6).
-83
Let g(y) = -2*y**2 + 53*y + 86. Calculate g(28).
2
Let q(c) = c**2 - 6*c - 10. Determine q(8).
6
Let y(t) = 11*t + 7. Determine y(5).
62
Let b(q) = -q**2 + 33*q - 22. What is b(28)?
118
Let c(l) = l**2 - 30*l - 186. What is c(35)?
-11
Let n(m) = -23*m**2 + 2*m - 1. What is n(1)?
-22
Let k(i) = -25*i + 581. Calculate k(23).
6
Let t(b) = -7*b - 6. What is t(0)?
-6
Let q(n) = -n**3 - 4*n**2 + n + 6. Give q(-4).
2
Let y(n) = 2*n - 15. Determine y(14).
13
Let b(x) = x**3 - 8*x**2 + 4. Determine b(8).
4
Let t(p) = -p**3 + 10*p**2 - 2*p - 10. Calculate t(9).
53
Let c(y) = y**3 - 8*y**2 - 3*y + 16. What is c(8)?
-8
Let c(v) = -v**3 - 11*v**2 + 16*v + 23. Determine c(-12).
-25
Let i(o) = 2*o + 4. Calculate i(-5).
-6
Let t(w) = 8*w - 31. Give t(3).
-7
Let w(x) = 4*x. Give w(-4).
-16
Let s(t) = t**3 + t**2 + t. Determine s(2).
14
Let k(h) = 2*h**2 + 22*h + 11. What is k(-10)?
-9
Let d(a) = -2*a**2 + 18*a - 32. Give d(6).
4
Let w(l) = 6*l**3 + l**2 - 5*l + 2. Calculate w(2).
44
Let y(w) = w**3 + 3*w**2 - 7*w - 7. Give y(-4).
5
Let s(y) = -4*y + 35. What is s(11)?
-9
Let r(j) = 44*j - 86. What is r(2)?
2
Let j(n) = n - 11. Calculate j(4).
-7
Let a(s) = -s**3 - 5*s**2 - 7*s - 11. Give a(-5).
24
Let n(o) = 6*o**2 - 2. What is n(2)?
22
Let m(k) = -k**3 - 42*k**2 - 80*k - 2. Determine m(-40).
-2
Let u(l) = l**3 + l**2 - 3*l - 2. Determine u(-2).
0
Let k(v) = -v**3 + 70*v**2 + 218*v + 55. What is k(73)?
-18
Let n(f) = 8*f + 91. What is n(-13)?
-13
Let g(b) = 6*b - 64. Determine g(7).
-22
Let s(u) = u**2 - 7*u + 12. What is s(4)?
0
Let j(b) = 2*b**2 + 22. What is j(0)?
22
Let d(v) = -v**2 + 8*v - 9. What is d(4)?
7
Let f(u) = u**2 + 6*u - 85. Calculate f(7).
6
Let h(u) = 8*u - 2. What is h(5)?
38
Let h(u) = 4*u**3 - 4*u**2 + 6. Give h(-2).
-42
Let o(r) = -r**2 - 14*r - 24. What is o(-11)?
9
Let f(n) = 6*n + 7. Calculate f(-2).
-5
Let s(n) = -4*n - 7. Determine s(-2).
1
Let k(u) = -u**3 - 5*u**2 - u - 4. Calculate k(-5).
1
Let v(h) = 3*h**3 - 53*h**2 - 18*h - 7. Give v(18).
-7
Let z(p) = -p**2 - 16*p - 2. What is z(-16)?
-2
Let q(w) = -w**2 - 22*w - 71. What is q(-7)?
34
Let i(a) = 9*a - 15. Determine i(-9).
-96
Let r(n) = 83*n - 5. Calculate r(1).
78
Let j(l) = -2*l + 19. What is j(13)?
-7
Let a(b) = b**3 + 17*b**2 + 17*b - 1. Calculate a(-16).
-17
Let y(k) = -k**3 + 31*k**2 + 100*k + 88. What is y(34)?
20
Let z(r) = -2*r - 9. What is z(-6)?
3
Let f(h) = h**2 + 2*h + 5. What is f(-6)?
29
Let v(r) = 8*r - 4. Give v(3).
20
Let p(n) = -n + 24. Calculate p(18).
6
Let p(j) = -j**2 + 15*j - 7. What is p(12)?
29
Let p(m) = -3*m**2 - 3*m + 11. What is p(2)?
-7
Let x(v) = 5*v - 25. Give x(6).
5
Let w(h) = -2*h + 20. Determine w(12).
-4
Let c(y) = y**2 + y - 2. Determine c(1).
0
Let a(b) = -b**2 - 5*b + 48. Determine a(-11).
-18
Let i(y) = 2*y**2 - 16*y - 35. What is i(10)?
5
Let w(v) = -9*v - 3. Give w(-1).
6
Let m(w) = -w**2 - 2*w + 21. Give m(0).
21
Let i(l) = -l**2 - 8*l + 15. What is i(-8)?
15
Let y(o) = -o**2 - 17*o - 33. Calculate y(-15).
-3
Let d(z) = -z**2 + 19*z - 31. Determine d(17).
3
Let n(z) = 38*z - 348. Give n(9).
-6
Let z(v) = v**3 - 8*v**2 + 7*v - 4. Determine z(7).
-4
Let b(p) = 34*p + 2. Determine b(1).
36
Let d(w) = w**3 - 8*w**2 - 9. What is d(8)?
-9
Let l(s) = s**2 - 7*s + 17. Determine l(4).
5
Let i(z) = -z**3 - 24*z**2 + 27*z + 54. Determine i(-25).
4
Let n(k) = 3*k**2 + 16*k + 37. Give n(-2).
17
Let i(r) = 2*r - 37. Give i(16).
-5
Let g(l) = -l**2 + 9*l - 1. Calculate g(6).
17
Let q(p) = 8*p. Give q(-1).
-8
Let k(v) = v - 11. Determine k(9).
-2
Let r(u) = -u**3 - 12*u**2 - 16*u + 7. Calculate r(-8).
-121
Let a(w) = -2*w**2 - 6*w - 5. What is a(-3)?
-5
Let g(x) = -39*x + 2. Determine g(2).
-76
Let a(k) = 4*k**2 + 6*k - 23. Give a(-3).
-5
Let u(c) = 14*c + 787. Determine u(-56).
3
Let m(v) = -v**3 + 11*v**2 + 12*v - 9. What is m(12)?
-9
Let n(g) = -3*g - 42. Determine n(-18).
12
Let x(c) = 17*c + 114. Determine x(-7).
-5
Let h(u) = -u**2 + 21*u - 26. Determine h(20).
-6
Let o(x) = -56*x - 164. Calculate o(-3).
4
Let b(t) = 27*t**2 + t - 1. Calculate b(1).
27
Let a(r) = r**3 + 9*r**2 + 6*r - 10. Determine a(-8).
6
Let t(r) = 14*r**2 + 4*r + 14. What is t(-3)?
128
Let z(i) = i**3 + 5*i**2 - 8*i. Determine z(-6).
12
Let i(l) = l - 4. What is i(-18)?
-22
Let u(y) = -y**3 + y**2 + 5*y - 20. What is u(-3)?
1
Let z(l) = -l + 25. Calculate z(13).
12
Let i(k) = 4*k + 27. Calculate i(-11).
-17
Let d(o) = -o**3 - 19*o**2 - o - 22. Calculate d(-19).
-3
Let z(x) = -7*x**2 - 9*x - 3. Determine z(-2).
-13
Let v(k) = -k**2 + 9*k + 41. What is v(13)?
-11
Let a(m) = -m**3 - 4*m**2 + 3*m - 8. Calculate a(-5).
2
Let g(o) = o**2 - 6*o + 9. Determine g(6).
9
Let d(k) = -k**2 + 7*k - 4. Give d(7).
-4
Let z(a) = -a**3 - 3*a**2 - a + 4. Give z(-3).
7
Let z(u) = u**3 - 15*u**2 + 2*u - 19. Determine z(15).
11
Let l(a) = -a - 2. What is l(-4)?
2
Let r(a) = -14*a - 81. Determine r(-4).
-25
Let z(u) = 3*u**3 + 78*u**2 - 49. Give z(-26).
-49
Let r(j) = -j**3 + 24*j**2 - 3*j + 55. What is r(24)?
-17
Let u(b) = 18*b - 57. Give u(4).
15
Let v(f) = -f**3 - 6*f**2 + f + 10. Give v(-6).
4
Let b(f) = -2*f**2 - 8*f - 7. What is b(-5)?
-17
Let h(u) = u**3 + 6*u**2 - 4*u - 14. Calculate h(-5).
31
Let q(w) = -w**3 + 7*w**2 + 6*w + 6. What is q(8)?
-10
Let s(q) = -5*q + 1. Determine s(1).
-4
Let z(w) = -w**3 + 16*w**2 - 13*w - 26. What is z(15)?
4
Let m(a) = a**3 + 3*a**2 - 6*a + 3. Determine m(2).
11
Let l(u) = -11*u + 60. Determine l(6).
-6
Let f(t) = -t**2 - t + 19. Give f(5).
-11
Let l(k) = 2*k**2 - 38*k - 42. Determine l(20).
-2
Let y(c) = -4*c - 1. Determine y(-1).
3
Let p(a) = a**3 - 7*a**2 - 8*a - 11. Calculate p(8).
-11
Let q(y) = y + 16. Determine q(-3).
13
Let p(z) = z**3 + 8*z**2 + 5. Calculate p(-8).
5
Let h(p) = 35*p - 35. Give h(4).
105
Let j(b) = -2*b - 9. What is j(-3)?
-3
Let k(d) = 4*d**3 - 2*d**2 + 4*d - 3. What is k(1)?
3
Let k(l) = 3*l - 17. Determine k(0).
-17
Let s(j) = -j**3 + 6*j**2 - 9*j + 3. Give s(5).
-17
Let s(g) = g**2 + 5*g - 10. Calculate s(2).
4
Let s(l) = l - 22. Determine s(-8).
-30
Let i(l) = l**2 + 7*l + 9. Calculate i(-3).
-3
Let i(t) = 45*t**3 + t. What is i(-1)?
-46
Let z(j) = j**3 - 8*j**2 - 7*j - 17. What is z(9)?
1
Let s(q) = -9*q - 21. What is s(-11)?
78
Let b(m) = -m**2 + 13*m + 12. Calculate b(14).
-2
Let s(v) = -13*v + 11. What is s(3)?
-28
Let d(x) = -42*x**2 - 754*x + 34. What is d(-18)?
-2
Let f(t) = 6*t**3 + t + 1. What is f(2)?
51
Let l(n) = -n**3 + 5*n**2 + 2*n + 28. What is l(6)?
4
Let t(h) = 45*h**2. Calculate t(-1).
45
Let o(x) = x**2 + 12*x + 2. What is o(-10)?
-18
Let h(p) = p - 10. Determine h(11).
1
Let h(u) = -3*u + 6. Give h(-6).
24
Let a(v) = -14*v - 20. What is a(4)?
-76
Let h(f) = 2*f + 7. What is h(8)?
23
Let h(p) = p**2 - 9*p - 34. What is h(13)?
18
Let i(j) = -j**3 - 8*j**2 - 7*j - 10. Calculate i(-7).
-10
Let s(z) = -23*z - 1. Calculate s(1).
-24
Let p(n) = 2*n**2 + 12*n - 2. Calculate p(-5).
-12
Let s(u) = u**3 - 17*u**2 + 16*u + 8. What is s(16)?
8
Let w(s) = -12*s + 216. What is w(18)?
0
Let u(p) = -11*p - 23. What is u(-1)?
-12
Let d(g) = -g**3 - 9*g**2 - 4*g - 18. Determine d(-9).
18
Let u(d) = -d**2 + 21*d - 45. Determine u(18).
9
Let o(m) = -2*m**3 + 12*m**2 - 17*m + 26. What is o(5)?
-9
Let u(g) = g**2 - 11*g - 74. Wh